27?
2
What is the thousands digit of 37321523?
1
What is the thousands digit of 1522813?
2
What is the hundreds digit of 3156145?
1
What is the hundreds digit of 3399653?
6
What is the thousands digit of 1713963?
3
What is the millions digit of 6212631?
6
What is the thousands digit of 765594?
5
What is the hundreds digit of 484205?
2
What is the ten thousands digit of 2492151?
9
What is the ten thousands digit of 3224853?
2
What is the ten thousands digit of 162761?
6
What is the units digit of 18066009?
9
What is the thousands digit of 2597682?
7
What is the units digit of 280788?
8
What is the tens digit of 466595?
9
What is the hundreds digit of 2708621?
6
What is the units digit of 758665?
5
What is the thousands digit of 346817?
6
What is the tens digit of 110561?
6
What is the tens digit of 1137042?
4
What is the tens digit of 200521?
2
What is the tens digit of 759082?
8
What is the ten thousands digit of 324582?
2
What is the hundreds digit of 10012047?
0
What is the units digit of 4633?
3
What is the thousands digit of 7711709?
1
What is the tens digit of 5675981?
8
What is the units digit of 5056427?
7
What is the thousands digit of 34258375?
8
What is the hundred thousands digit of 647362?
6
What is the units digit of 2495008?
8
What is the hundreds digit of 1062042?
0
What is the ten thousands digit of 125788?
2
What is the thousands digit of 5100482?
0
What is the hundreds digit of 7156957?
9
What is the tens digit of 157498?
9
What is the hundred thousands digit of 5115487?
1
What is the thousands digit of 164819?
4
What is the ten thousands digit of 45367?
4
What is the tens digit of 640828?
2
What is the hundreds digit of 992475?
4
What is the hundreds digit of 771520?
5
What is the hundreds digit of 3669936?
9
What is the units digit of 228106?
6
What is the units digit of 47719?
9
What is the ten thousands digit of 490069?
9
What is the thousands digit of 232570?
2
What is the hundreds digit of 2844?
8
What is the thousands digit of 209209?
9
What is the units digit of 1662486?
6
What is the hundreds digit of 16548?
5
What is the hundreds digit of 178416?
4
What is the hundreds digit of 27528?
5
What is the ten thousands digit of 2430814?
3
What is the tens digit of 1120432?
3
What is the millions digit of 21385562?
1
What is the hundreds digit of 3506280?
2
What is the thousands digit of 23015297?
5
What is the thousands digit of 4034674?
4
What is the ten thousands digit of 51420?
5
What is the thousands digit of 36399?
6
What is the tens digit of 6073821?
2
What is the units digit of 5431098?
8
What is the ten thousands digit of 908000?
0
What is the units digit of 485123?
3
What is the tens digit of 84231?
3
What is the units digit of 10350566?
6
What is the hundred thousands digit of 1200215?
2
What is the units digit of 6717810?
0
What is the thousands digit of 727744?
7
What is the hundreds digit of 129778?
7
What is the ten thousands digit of 826440?
2
What is the ten thousands digit of 88776?
8
What is the hundred thousands digit of 2815741?
8
What is the units digit of 295456?
6
What is the millions digit of 4518506?
4
What is the tens digit of 6678073?
7
What is the tens digit of 1790934?
3
What is the units digit of 1202814?
4
What is the thousands digit of 103578?
3
What is the units digit of 463572?
2
What is the units digit of 14593941?
1
What is the hundred thousands digit of 431012?
4
What is the ten millions digit of 15058990?
1
What is the millions digit of 8210858?
8
What is the hundred thousands digit of 702386?
7
What is the thousands digit of 996902?
6
What is the tens digit of 9863188?
8
What is the hundred thousands digit of 12733731?
7
What is the ten thousands digit of 342138?
4
What is the tens digit of 164859?
5
What is the thousands digit of 386009?
6
What is the hundreds digit of 1119052?
0
What is the ten thousands digit of 2242600?
4
What is the units digit of 908913?
3
What is the tens digit of 3139796?
9
What is the ten thousands digit of 329383?
2
What is the thousands digit of 2445881?
5
What is the hundred thousands digit of 6666388?
6
What is the tens digit of 68546?
4
What is the units digit of 119816?
6
What is the hundreds digit of 27101509?
5
What is the tens digit of 392269?
6
What is the units digit of 635404?
4
What is the hundred thousands digit of 307330?
3
What is the ten millions digit of 18843837?
1
What is the thousands digit of 749404?
9
What is the tens digit of 142932?
3
What is the thousands digit of 13868999?
8
What is the ten thousands digit of 11079468?
7
What is the units digit of 237914?
4
What is the units digit of 592133?
3
What is the ten thousands digit of 4545541?
4
What is the ten thousands digit of 14583?
1
What is the hundred thousands digit of 20277379?
2
What is the hundreds digit of 338458?
4
What is the ten thousands digit of 1569765?
6
What is the units digit of 320947?
7
What is the ten thousands digit of 664193?
6
What is the ten thousands digit of 769279?
6
What is the ten thousands digit of 542831?
4
What is the units digit of 3505735?
5
What is the units digit of 24882440?
0
What is the hundred thousands digit of 18588731?
5
What is the millions digit of 1389136?
1
What is the hundred thousands digit of 2886007?
8
What is the tens digit of 20771704?
0
What is the hundred thousands digit of 19074069?
0
What is the ten thousands digit of 1422679?
2
What is the millions digit of 16985328?
6
What is the tens digit of 149667?
6
What is the millions digit of 6973503?
6
What is the millions digit of 12864004?
2
What is the hundred thousands digit of 1017360?
0
What is the units digit of 82517?
7
What is the units digit of 1541856?
6
What is the units digit of 1379978?
8
What is the hundreds digit of 2066563?
5
What is the tens digit of 1234338?
3
What is the ten thousands digit of 5506490?
0
What is the tens digit of 2990435?
3
What is the units digit of 11386958?
8
What is the units digit of 23660396?
6
What is the tens digit of 17984193?
9
What is the units digit of 344698?
8
What is the thousands digit of 621514?
1
What is the hundreds digit of 1499096?
0
What is the thousands digit of 49509?
9
What is the tens digit of 81087?
8
What is the ten thousands digit of 23902858?
0
What is the tens digit of 3843266?
6
What is the thousands digit of 267939?
7
What is the thousands digit of 5843918?
3
What is the ten thousands digit of 5172945?
7
What is the thousands digit of 2330361?
0
What is the hundreds digit of 3122744?
7
What is the tens digit of 302273?
7
What is the thousands digit of 3056581?
6
What is the thousands digit of 1587172?
7
What is the hundreds digit of 16475?
4
What is the units digit of 635468?
8
What is the hundred thousands digit of 1975204?
9
What is the tens digit of 2462879?
7
What is the hundreds digit of 23175242?
2
What is the millions digit of 2372729?
2
What is the hundred thousands digit of 215504?
2
What is the ten thousands digit of 10698223?
9
What is the thousands digit of 1016359?
6
What is the hundred thousands digit of 101182?
1
What is the units digit of 5201506?
6
What is the ten thousands digit of 208666?
0
What is the ten thousands digit of 862361?
6
What is the units digit of 7048536?
6
What is the thousands digit of 47985?
7
What is the tens digit of 20461805?
0
What is the millions digit of 3100075?
3
What is the tens digit of 442081?
8
What is the thousands digit of 2137025?
7
What is the hundred thousands digit of 4196625?
1
What is the hundreds digit of 601970?
9
What is the tens digit of 42548?
4
What is the tens digit of 390975?
7
What is the thousands digit of 2423378?
3
What is the ten millions digit of 24600496?
2
What is the tens digit of 23621456?
5
What is the ten thousands digit of 837495?
3
What is the hundred thousands digit of 19953881?
9
What is the thousands digit of 233897?
3
What is the hundreds digit of 69615?
6
What is the units digit of 696169?
9
What is the hundred thousands digit of 393163?
3
What is the hundreds digit of 23209856?
8
What is the ten thousands digit of 5743605?
4
What is the millions digit of 28384493?
8
What is the thousands digit of 244769?
4
What is the units digit of 893738?
8
What is the thousands digit of 399253?
9
What is the tens digit of 3820810?
1
What is th